2. Let c(x) = -2*x**3 - 6*x**2 - 5*x - 2. Let i(r) = -c(r) + 3*m(r). Give i(n).
15
Let p(c) be the second derivative of -c**6/120 - c**5/60 + 2*c**3/3 - 3*c**2/2 + c. Let a(b) be the first derivative of p(b). Let k = 24 - 24. Give a(k).
4
Let d(o) = -3*o - 3. Let v(u) = 7*u + 39. Let k be v(-4). Let f(m) = -7*m + 81. Let p be f(k). Determine d(p).
-15
Let z(b) = -49*b + 15. Let k(o) = 58*o - 17. Let x(n) = 5*k(n) + 6*z(n). Calculate x(5).
-15
Suppose 27 = 14*j - 11*j. Let k be (-3 - -3)/((-5)/(4 - j)). Let a(c) = 1. Let z(x) = x + 1. Let l(v) = -6*a(v) - z(v). Give l(k).
-7
Suppose 4*p + 124 = 3*k - 0*p, 0 = 2*k + p - 90. Let r = k - 42. Let l(n) = -4*n**2 + n**r - 2 - 9*n + 13*n. Give l(3).
-17
Let x = 7375 - 7380. Let q(a) be the third derivative of -a**4/8 - 5*a**3/6 + 4*a**2. What is q(x)?
10
Let c(f) be the third derivative of f**5/60 + 19*f**4/24 + 21*f**3/2 - 97*f**2. Determine c(-15).
3
Let a(t) = 48*t**3 + 5*t**2 + 82*t + 186. Let s(i) = 17*i**3 + 2*i**2 + 28*i + 63. Let x(d) = -6*a(d) + 17*s(d). Give x(-6).
-21
Suppose 313*a = 318*a - 25. Suppose 3*v = a*q - 21, q = -3*v - 18 - 3. Let k(w) = w**2 + 7*w - 5. What is k(v)?
-5
Let i = 15064 - 15038. Let q(c) = 3*c**2 - 77*c - 29. What is q(i)?
-3
Let k(y) = -2*y - 21. Let d(x) = 2*x + 22. Let l(j) = 3*d(j) + 4*k(j). Let q = 38393 + -38402. Determine l(q).
0
Let s(u) be the second derivative of u**4/3 - 8*u**3/3 - 5*u**2/2 + 9933*u. What is s(6)?
43
Let g(m) = m**3 + 19*m**2 + 22*m + 18. Suppose 69 = -45*a + 42*a - 3*p, a - 5*p - 7 = 0. Calculate g(a).
-54
Suppose 0 = 3*h + 5*d - 8 - 16, -9*d + 8 = h. Let o(a) be the third derivative of -a**4/6 + 13*a**3/3 + a**2. What is o(h)?
-6
Let o(p) = -p - 12. Suppose -5 = b - 6. Let v be (-7 + 9)/(b - -1) - -1. Suppose g + 0 = -u - 1, 0 = -5*u + v*g - 33. Determine o(u).
-7
Suppose -5*u = 14*u. Suppose u = -2*r - 2*o - 2, 0 = -r + 3*r + 3*o. Let m(g) = 2*g**2 + 4*g + 1. Give m(r).
7
Let s(b) = 3*b + 9. Suppose 2*x - 22 = -26. Let a be ((-2)/x)/((-1)/5). Let f be s(a). Let q(g) = 2*g + 5. Calculate q(f).
-7
Let m(w) = -169*w + 499*w - 145*w + 20 - 180*w. Determine m(-8).
-20
Let s(f) = -2*f**2 - 2*f + 2. Let x(b) = 3*b + 36. Let t be x(-12). Suppose 25*c - 29*c = t. Suppose c = 4*i + 8, -k - 2*k - 1 = -4*i. What is s(k)?
-10
Let s(x) = -78*x**3 + 47*x**3 + 32*x**3 + 2*x. Let r(i) = 4*i**3 - 4*i**2 + 6*i + 3. Let u(q) = -r(q) + 3*s(q). Calculate u(3).
6
Let k = 5293 + -5294. Let q(z) = 47*z - 1. Determine q(k).
-48
Let i(s) = -4*s**2 + s**2 + 1 - 3*s**2 + 5*s**2. Let y = 36 + -33. Let k be 2 - 5 - (y - 2)*-2. Calculate i(k).
0
Let c be (70/245)/((-5)/70). Let i(t) = -t**3 - 7*t**2 - 14*t - 3. What is i(c)?
5
Let p(s) be the first derivative of 15*s**2/2 + 21*s + 5239. Give p(0).
21
Let f(p) = 34*p + 34. Let w(j) = -616*j - 4929. Let u be w(-8). What is f(u)?
0
Let w(h) be the first derivative of -34 + 1/3*h**3 + 0*h**2 - 12*h. What is w(0)?
-12
Let a be 2 - -2 - (31 + (-42 - -16)). Let w(h) = -30*h**3 - h**2 + 2. What is w(a)?
31
Let t(c) be the first derivative of c**3/3 - 9*c**2/2 + 3*c + 1. Let k = -150 - -301. Let a = k + -145. Give t(a).
-15
Let i(g) = g**3 - 10*g**2 + 10*g - 1. Let x be i(9). Let c(z) be the third derivative of z**6/120 - 2*z**5/15 + 4*z**3/3 - z**2 + 926. Determine c(x).
8
Let f(j) = -7*j**3 - 18*j**2 - 3*j + 10. Let s(m) = -13*m**3 - 34*m**2 - 6*m + 18. Let t(c) = -11*f(c) + 6*s(c). Calculate t(-4).
-22
Suppose 2*q - q - 5*g = 255, -q = -g - 267. Let m(d) = 528 - d - q - 268. What is m(-8)?
-2
Let h = -44 - -44. Let b(z) be the first derivative of -z**2 + 2*z - 381. Determine b(h).
2
Let j = -214 - -208. Let f(r) = -4*r**3 + 10*r**2 + 8. Let u(v) = -5*v**3 + 11*v**2 - v + 10. Let m(b) = j*f(b) + 5*u(b). Calculate m(-4).
6
Suppose -5*u = -u - 12*u + 56. Let h(k) = k**2 + 10*k - 116. Calculate h(u).
3
Let x(k) = -k**2 + 38*k - 169. Let z be x(33). Let r(t) = 32 - 12 - 9 + t - 5. Calculate r(z).
2
Let w(d) = -4 - 2 + 4*d - 6 + 1. Let v(r) = -r**3 + 9*r**2 + 13*r - 112. Let x be v(9). Determine w(x).
9
Suppose -4*s - 5*r = -s - 35, 3*r = -s + 9. Suppose -s*i + 9*i + 12 = 0. Let y(z) = 3*z + 4. Let a(f) = 5*f + 7. Let q(m) = 4*a(m) - 7*y(m). What is q(i)?
-2
Let b(m) = -2*m**2 - 44*m - 3. Let d(q) = -q**3 - 14*q**2 - 26*q + 55. Let w be d(-11). Determine b(w).
-3
Suppose -5*r - 2*t + 34 = 30, 5*t = r + 37. Let l(q) = q**2 + 4*q - 3. What is l(r)?
-7
Let q(m) = -29*m - 14. Let z = -508 - -513. Calculate q(z).
-159
Let c(b) = -83*b**3 - 6*b**2 + 8*b + 9. Let z(i) = -71*i**3 - 6*i**2 + 8*i + 7. Let k(g) = -6*c(g) + 7*z(g). What is k(6)?
43
Let c = -56 - -35. Let v = -425 + 407. Let b = v - c. Let q(t) = t**3 - 4*t**2 + 5*t - 4. Determine q(b).
2
Let l = 14 - 8. Let w(m) = 7*m**2 - 10*m - 1. Suppose -328 + 358 = -5*i. Let u(n) = 6*n**2 - 9*n - 1. Let k(p) = i*u(p) + 5*w(p). Give k(l).
-11
Let j(x) = -11*x**3 - x**2 - 30*x + 26. Let u(o) = 8*o**3 + o**2 + 21*o - 18. Let s(a) = -5*j(a) - 7*u(a). Suppose 15 = -43*l + 38*l. Give s(l).
-4
Let o(s) be the third derivative of -s**6/120 + s**5/60 + s**4/24 - 5*s**3/6 + 4*s**2 + 2*s + 441. Calculate o(-4).
71
Let w(m) = -m**3 - 28*m**2 - 2*m - 55. Let k be 9 - 333/2*(-56)/(-252). Determine w(k).
1
Let y(t) be the second derivative of -t**4/3 + t**3/6 - 5*t**2/2 - 175*t. Let h(b) = -3*b**2 - 3. Let k(o) = -3*h(o) + 2*y(o). Determine k(-3).
2
Suppose i + 3*f = 8*f + 607, 2*f = 5*i - 3081. Let c = -623 + i. Let m(v) = v**3 + 6*v**2 - 3*v - 5. Give m(c).
13
Let s(y) = -y**3 - 2*y**2 + 3*y + 1. Let g(j) = j**2 + j - 38. Let w be g(6). Let r be (-3 + 9 + 0)*(-2)/w. What is s(r)?
1
Let h(c) be the second derivative of -c**4/6 - 17*c**3/2 - 8*c**2 - 1112*c. Calculate h(-25).
9
Let u(z) = z**3 - 16*z**2 + 31*z - 19. Let m be u(14). Let f(l) = -m + 70 + l - 24 - 24. Determine f(0).
-1
Let o(v) = -3 + 134*v**3 - 6 + 137*v**3 + 7 - 5*v + 3*v**2 - 270*v**3. Determine o(-4).
2
Let i(y) = 78 + 51*y + 37 + 137 + 117 - 7. Let o be i(-7). Let x(m) = m - 15. Calculate x(o).
-10
Let u(b) = -b**2 - 6*b - 1. Let d = 56 - 48. Suppose 52 + 20 = d*w. Suppose 14 = -q + w. What is u(q)?
4
Let i(o) = 449*o**2 - 144*o**2 - 148*o**2 - 154*o**2 + 4*o + 2. Let q(m) = -3*m**2 - 3*m - 2. Let h(r) = -5*i(r) - 6*q(r). What is h(2)?
10
Let h(m) be the third derivative of m**7/5040 - m**6/120 + m**5/30 + 4*m**3 + 20*m**2. Let u(g) be the third derivative of h(g). Calculate u(0).
-6
Let d(w) = -w**2 + 14*w. Suppose 4*b = 4*h - 2*h + 2, 4*h - 29 = -3*b. Suppose -b*n + 51 = 3*c, -5*n + 5*c + 25 = -30. Determine d(n).
0
Let u be (0 - 0)/(0 + -2 - -3). Let h be (-1 - u)*(-3 - -9). Let y(i) = i**3 + 6*i**2 - 3*i - 10. Let d be y(h). Let n(l) = l**2 - 6*l - 11. Calculate n(d).
5
Let z(y) = -y**2 + 7*y - 12. Let c(r) = -3*r**2 - 58*r - 8. Let g be c(-19). Suppose 3*q = -d - 1, -6*q + g*q - 15 = -5*d. What is z(d)?
-2
Suppose 0 = -7*f + 8*f - 2. Let z(u) = -2 + u - 2 - u**f - 4*u + 4*u. Suppose -c = -5*l + 11, 8 = 5*c - 3*c. Calculate z(l).
-10
Let p(s) = -4*s + 23. Let t be p(5). Let w(y) = 5*y**2 - y**t + 16*y + 28 - 6*y - 12*y - 3*y. Let g be w(5). Let r(f) = -f**3 + 2*f**2 + f - 1. Calculate r(g).
-7
Suppose -13*u + 44 + 24 = 29. Let s(h) = -16*h + 1. Determine s(u).
-47
Let n(p) be the second derivative of -15*p - 31/12*p**4 + 1/120*p**5 + 1/80*p**6 + 0*p**2 + 0 + 0*p**3. Let f(z) be the third derivative of n(z). What is f(1)?
10
Let y = -122 - -123. Suppose 19 - y = -3*l. Let d(u) = 3*u. Determine d(l).
-18
Let n(z) = z**3 + 6*z**2 + z. Let r(g) = -g**3 + 3*g + 3. Let v be r(-2). Let x(s) = -s**2 + 2*s + 11. Let i be x(v). Let l be i/6*(2 + 7). Determine n(l).
-6
Let r = 281 + -265. Suppose -323 = r*c + c. Let f(n) = -n**2 - 18*n + 19. Determine f(c).
0
Suppose 13*o + 7*o - 3320 = 0. Suppose o*p = 170*p + 20. Let x(z) = z**2 + 3*z. Calculate x(p).
10
Let j be 188/24 - (-23)/138. Let s(m) = -6*m + 18. Give s(j).
-30
Let n(y) be the third derivative of 0*y - 5/2*y**3 - 104*y**2 - 7/12*y**4 + 1/60*y**5 + 0. Calculate n(14).
-15
Let o(c) = 3*c**2 - 10*c - 2. Suppose 5*p - 2 = -3*m, -8*m + 9*m + 6 = -5*p. What is o(m)?
6
Let s(x) = -11 + 2*x + 16*x + 0*x - 25*x + 8*x. Give s(9).
-2
Suppose 2117 - 1292 = 487*h - 6967. Let g(r) = r**3 - 16*r**2 - 5*r + 39. Give g(h).
-41
Let v be (5/2)/(2/(-4)). Let d(k) be the third derivative of -k